e w(-6).
0
Let t(h) = -18*h + 750. Give t(40).
30
Let y(r) = 10*r**2 - 138*r - 7. Calculate y(14).
21
Let v(z) = 7*z**3 + z**2 - 2*z - 5. Determine v(-1).
-9
Let t(n) = -n**2 + 16*n - 135. Calculate t(21).
-240
Let m(s) = s**2 + 5*s - 189. Calculate m(7).
-105
Let h(p) = -119*p + 61. Determine h(3).
-296
Let m(s) = 9*s + 283. Determine m(-6).
229
Let r(t) = t**2 + 18*t + 29. Calculate r(-8).
-51
Let d(v) = 4*v**2 + 26*v - 3022. What is d(-31)?
16
Let h(j) = -53*j - 18. Give h(-1).
35
Let v(x) = 66*x**2 + 784*x + 25. Give v(-12).
121
Let o(c) = 3*c + 170. What is o(32)?
266
Let o(h) = 53*h + 1595. Calculate o(-32).
-101
Let m(h) = -171*h + 3597. Give m(21).
6
Let j(c) = -4*c - 92. Determine j(-6).
-68
Let b(s) = -2*s**2 + 534*s + 2624. What is b(-5)?
-96
Let a(x) = 4*x**2 - 28. Determine a(-3).
8
Let u(h) = 47*h - 911. What is u(20)?
29
Let s(v) = 84*v - 3838. Calculate s(46).
26
Let v(p) = 45*p - 38. Give v(1).
7
Let j(k) = -57*k + 159. Determine j(3).
-12
Let o(s) = -112*s**2 + 11*s - 10. What is o(1)?
-111
Let v(k) = k**2 + 62*k - 100. What is v(0)?
-100
Let g(j) = 2*j**2 - 20*j - 6. Determine g(5).
-56
Let o(c) = -35*c**3 + 6*c + 8. Determine o(-1).
37
Let u(b) = 25*b - 33. Give u(2).
17
Let y(n) = -13*n**3 - 77*n**2 - 10*n - 92. What is y(-6)?
4
Let f(r) = -385*r**2 - 7*r - 2. Determine f(-1).
-380
Let a(d) = d**3 - 46*d**2 - 118*d + 1059. Give a(48).
3
Let i(c) = -39*c - 3. Give i(3).
-120
Let h(q) = -151*q + 594. What is h(4)?
-10
Let p(f) = f**3 - 58*f**2 - 185*f + 86. Give p(61).
-36
Let k(i) = i**3 - 15*i**2 + 4*i + 6. Give k(1).
-4
Let i(f) = -5*f - 409. Determine i(-80).
-9
Let i(k) = k**3 + 35*k**2 - 78*k - 132. Give i(-37).
16
Let b(z) = -22*z**2 + 11*z + 7. Calculate b(3).
-158
Let v(o) = o**3 - 7*o**2 + 24*o - 483. Calculate v(10).
57
Let c(k) = 3*k**3 - 4*k**2 - 27*k - 6. Give c(6).
336
Let z(k) = -13*k**2 + 20*k + 19. Calculate z(4).
-109
Let q(c) = 33*c - 869. What is q(26)?
-11
Let a(d) = -67*d - 972. Give a(-19).
301
Let a(s) = -s**2 - 37*s - 263. What is a(-16)?
73
Let n(x) = 126*x - 168. Determine n(9).
966
Let f(o) = -o**3 - 9*o**2 + 118*o - 20. Give f(8).
-164
Let x(y) = -853*y - 5165. What is x(-6)?
-47
Let s(z) = -z**3 - 48*z**2 + 100*z - 101. What is s(-50)?
-101
Let i(q) = -q**3 - 17*q**2 - 16*q + 49. Calculate i(-16).
49
Let m(d) = 3*d**3 - 251*d**2 - 110*d + 2190. What is m(84)?
6
Let w(k) = -185*k + 392. Give w(2).
22
Let s(g) = -3*g**3 - 24*g**2 - 43*g - 40. Give s(-6).
2
Let g(s) = 393*s - 3418. Calculate g(9).
119
Let d(i) = -33*i**2 + 179*i + 99. Determine d(6).
-15
Let d(y) = 10*y - 114. Calculate d(10).
-14
Let d(t) = 2*t**2 + 12*t - 42. Give d(-12).
102
Let w(z) = -34*z + 4. Calculate w(-1).
38
Let x(g) = 5*g**2 + 1458*g + 2916. Give x(-2).
20
Let x(w) = -2*w**2 - 100*w - 295. Give x(-47).
-13
Let j(v) = v**3 + 16*v**2 - 25*v + 9. Calculate j(-17).
145
Let u(l) = -9*l + 674. Calculate u(73).
17
Let t(u) = 48*u + 370. Give t(-8).
-14
Let l(v) = 2*v**3 - 28*v**2 - 22*v + 189. What is l(15)?
309
Let r(y) = -y**2 + 130*y + 814. Give r(136).
-2
Let p(t) = -t**3 + 13*t**2 - 40*t + 525. What is p(13)?
5
Let r(x) = 3*x**3 - 31*x**2 + 58*x - 7. Give r(8).
9
Let m(r) = 60*r**2 - 646*r - 158. Determine m(11).
-4
Let h(n) = 63*n**2 + 1509*n - 70. Give h(-24).
2
Let z(h) = h**3 - 37*h**2 - 268*h + 75. Determine z(43).
-355
Let v(g) = -g**2 + 380*g - 1874. Calculate v(5).
1
Let w(b) = 5947*b - 95144. Determine w(16).
8
Let g(d) = -d**3 + 10*d**2 + 57*d - 355. Calculate g(8).
229
Let c(a) = -a**2 + 22*a + 468. Determine c(-13).
13
Let q(t) = -t - 46. Calculate q(-33).
-13
Let f(u) = -173*u**2 + 6*u - 2. Calculate f(1).
-169
Let x(k) = -k**3 - 13*k**2 + 14*k + 28. Calculate x(-8).
-404
Let y(f) = 141*f**2 + 1169*f + 318. Calculate y(-8).
-10
Let v(j) = 102*j + 1143. Calculate v(-11).
21
Let u(n) = -2*n**3 - 23*n**2 - 64*n + 3. Give u(-5).
-2
Let n(x) = 7*x**2 + 91*x - 19. What is n(-13)?
-19
Let y(k) = -k**3 - 13*k**2 - 26*k - 57. Give y(-11).
-13
Let a(g) = 209*g + 42213. Give a(-202).
-5
Let t(c) = -c**3 - 9*c**2 - c + 21. Calculate t(-10).
131
Let a(y) = 18*y + 201. Give a(-11).
3
Let z(j) = 298*j - 1491. Determine z(5).
-1
Let v(x) = x**2 - 30*x + 142. Determine v(25).
17
Let g(v) = 2*v**3 + 34*v**2 + 52*v - 33. What is g(-15)?
87
Let f(q) = -q**2 - 25*q + 126. What is f(-29)?
10
Let r(y) = -y**3 + 58*y**2 + 56*y + 209. Give r(59).
32
Let r(g) = -g**3 - 9*g**2 - 4*g + 32. Calculate r(-5).
-48
Let i(n) = -35*n**2 + 13*n - 20. What is i(-3)?
-374
Let f(w) = w**2 - 172*w + 1228. Calculate f(7).
73
Let m(u) = -u**2 + 35*u + 1009. Determine m(54).
-17
Let p(m) = -33*m**2 + 4193*m - 256. Calculate p(127).
-2
Let h(b) = -16*b**2 + 313*b - 2162. Calculate h(7).
-755
Let k(n) = n**3 + 23*n**2 + 64*n + 69. Calculate k(-20).
-11
Let b(o) = -4*o**2 + 10*o - 29. What is b(3)?
-35
Let r(h) = -5*h + 65. Give r(8).
25
Let w(i) = 465*i**2 - 5580*i - 2. Determine w(12).
-2
Let o(b) = -b**2 + 62*b - 592. Calculate o(50).
8
Let u(a) = -3*a**3 + 7*a**2 + 7*a + 5. Determine u(4).
-47
Let v(f) = -483*f**2 - 289*f + 288. Calculate v(1).
-484
Let h(m) = 10*m + 794. Give h(-83).
-36
Let q(i) = 61*i**2 - 594*i + 7. Determine q(10).
167
Let s(m) = 3*m**2 - 7*m - 16. Give s(4).
4
Let c(v) = 57*v - 3254. Give c(58).
52
Let m(f) = 2*f**2 + 129*f - 268. Give m(2).
-2
Let d(y) = 11*y**2 - 105*y + 287. Calculate d(7).
91
Let m(b) = 1150*b - 4637. What is m(4)?
-37
Let c(h) = 204*h**2 + 1022*h + 7. Give c(-5).
-3
Let t(y) = y**3 - 28*y**2 - 118*y + 1740. Give t(30).
0
Let o(f) = -f**3 + 15*f**2 - 45*f + 265. Calculate o(13).
18
Let p(k) = 60*k - 6410. Give p(107).
10
Let n(g) = 2*g**3 + g**2 + 3*g - 16. Calculate n(3).
56
Let i(c) = -c**3 - c**2 + 182*c + 540. Calculate i(-3).
12
Let p(x) = 60*x + 371. Determine p(-6).
11
Let a(m) = -45*m + 27. Give a(0).
27
Let q(t) = t**3 - 4*t**2 - 21*t - 198. What is q(9)?
18
Let b(r) = -8599*r - 60192. Give b(-7).
1
Let y(q) = -q**3 - 37*q**2 + 167*q + 258. Give y(-41).
135
Let w(x) = -x**3 - 60*x**2 + 470*x + 65. Give w(-67).
-2
Let n(f) = 2*f**3 + 2*f**2 - 10*f - 9. Give n(-4).
-65
Let h(t) = -7*t**2 + 8*t - 29. Determine h(3).
-68
Let s(q) = q**2 + 3*q - 165. What is s(16)?
139
Let i(n) = 453*n**2 + 32. Give i(0).
32
Let m(n) = -n - 16. What is m(16)?
-32
Let w(f) = -f**3 + 3*f**2 + 44*f - 190. Determine w(5).
-20
Let s(p) = -139*p**2 - 2364*p - 24. Determine s(-17).
-7
Let o(n) = 53*n - 587. What is o(11)?
-4
Let f(r) = -3*r**3 + 27*r**2 + 45*r - 43. Give f(10).
107
Let x(t) = t**2 - 20*t - 138. Determine x(26).
18
Let k(c) = 300*c + 9931. Determine k(-33).
31
Let a(i) = -126*i**3 - 14*i**2 + 9*i + 5. Give a(1).
-126
Let g(a) = -38*a - 854. Calculate g(-23).
20
Let u(a) = a**3 - 58*a**2 + 88*a - 1773. Give u(57).
-6
Let l(t) = 71*t - 279. Determine l(4).
5
Let n(l) = -2*l**3 - 12*l**2 + 105*l + 668. What is n(-7)?
31
Let s(v) = -v**2 + 2*v + 248. Calculate s(-17).
-75
Let q(v) = -8*v**2 + 80*v + 82. What is q(11)?
-6
Let q(g) = g**2 + 140*g - 567. Calculate q(4).
9
Let l(r) = -1135*r + 15888. Determine l(14).
-2
Let c(v) = 22*v**2 - 256*v - 96. Give c(13).
294
Let b(h) = -402*h + 33. Determine b(-3).
1239
Let t(n) = 2*n**3 - 29*n**2 + 80*n - 948. Determine t(14).
-24
Let h(d) = d**3 - 29*d**2 + 32*d - 106. What is h(28)?
6
Let y(l) = -2*l**2 + 60*l - 329. Calculate y(5).
-79
Let f(m) = -3*m**3 - 60*m**2 + 60*m - 64. Determine f(-21).
-1
Let b(r) = 17*r + 861. Determine b(-52).
-23
Let g(v) = 2*v**3 + 28*v**2 + 127*v + 1324. Give g(-13).
11
Let v(b) = 295*b - 4662. What is v(15)?
-237
Let p(i) = -i**2 - 8*i - 167. Calculate p(-24).
-551
Let j(o) = -o**3 - 96*o**2 + 298*o + 90. Determine j(-99).
-9
Let r(j) = -29*j + 263. Determine r(-3).
350
Let y(v) = -102*v + 619. What is y(6)?
7
Let l(v) = 511*v + 512. What is l(-1)?
1
Let s(f) = -713*f - 35645. Calculate s(-50).
5
Let p(n) = -1859*n + 22297. Determine p(12).
-11
Let y(i) = 17*i + 1202. Calculate y(-70).
12
Let w(v) = -9*v**3 - 64*v**2 + 16*v - 9. Give w(-6).
-465
Let f(t) = -153*t - 8268. What is f(-54)?
-6
Let h(z) = 82*z + 11712. Determine h(-143).
-14
Let r(p) = 3316*p + 6680. Determine r(-2).
48
Let v(d) = 57*d + 450. Determine v(-8).
-6
Let p(v) = 53*v + 1178. What is p(-23)?
-41
Let j(x) = -24*x + 62. Give j(9).
-154
Let j(v) = 5923*v + 94758. De